t is -11 + -1100022?
-1100110
In base 14, what is 13 - 2?
11
In base 7, what is -4 - 162?
-166
In base 2, what is -1000111100 + 11?
-1000111001
In base 9, what is -1 + 171?
170
In base 3, what is 10 - 10002?
-2222
In base 2, what is 1101101 - -11111?
10001100
In base 5, what is 101 + 42?
143
In base 3, what is 1110 - -10212?
12022
In base 4, what is 1 + -13022?
-13021
In base 3, what is -212120 + -1?
-212121
In base 14, what is -857 - -4?
-853
In base 2, what is 1100 + 11010000?
11011100
In base 5, what is 2 - -113?
120
In base 9, what is -4 - -131?
126
In base 9, what is 38 + -2?
36
In base 5, what is 224 + -4?
220
In base 7, what is 5 - -5461?
5466
In base 4, what is -233 - 1231?
-2130
In base 8, what is 4 - 11?
-5
In base 15, what is -d460 + 4?
-d45b
In base 14, what is -4 - 90?
-94
In base 9, what is 4 + -31?
-26
In base 3, what is 221212 - 0?
221212
In base 5, what is -2 + -421?
-423
In base 13, what is 845 - 4?
841
In base 15, what is -6 + b?
5
In base 14, what is 7 - -2d0?
2d7
In base 7, what is 330 - 0?
330
In base 6, what is -3 + -1445?
-1452
In base 15, what is 3a + 12?
4c
In base 15, what is 397 + c?
3a4
In base 10, what is -2 + 452?
450
In base 4, what is 31 - -101?
132
In base 14, what is 5 + -16c9?
-16c4
In base 5, what is -1041 - -122?
-414
In base 9, what is 477 - -12?
500
In base 15, what is 3b + 3?
3e
In base 13, what is 0 + 59?
59
In base 2, what is 11111 + 100?
100011
In base 15, what is 2ba + 8?
2c3
In base 8, what is 1 - 46?
-45
In base 16, what is -1 - -ab?
aa
In base 5, what is 3 + 102?
110
In base 10, what is -3 - 20?
-23
In base 13, what is -9b + 4?
-97
In base 4, what is -3 - 110103?
-110112
In base 9, what is 1 - 77?
-76
In base 5, what is -1044 + -4?
-1103
In base 10, what is 4 + -3537?
-3533
In base 9, what is -3 + -502?
-505
In base 4, what is 13 + -130?
-111
In base 6, what is 25 + 55?
124
In base 9, what is 4 + -3022?
-3017
In base 9, what is 217 - -5?
223
In base 14, what is -ac + -77?
-145
In base 8, what is -34 + -4?
-40
In base 15, what is -13e - -28?
-116
In base 4, what is -10022 - 2?
-10030
In base 10, what is -179 + 3?
-176
In base 7, what is -10315 + -1?
-10316
In base 5, what is 10 - -23?
33
In base 16, what is 4 + 2f?
33
In base 3, what is -100 + 1200102?
1200002
In base 2, what is -101110 + -11100000?
-100001110
In base 8, what is -13 - -5?
-6
In base 13, what is -64 - a?
-71
In base 14, what is 8 - 5?
3
In base 4, what is 12 - 330?
-312
In base 10, what is -6000 + -4?
-6004
In base 5, what is 10000 - -4?
10004
In base 2, what is 1010110011 + -11?
1010110000
In base 12, what is 2 + -51?
-4b
In base 16, what is 6 + -5?
1
In base 15, what is -5 - 205?
-20a
In base 12, what is -1 - 380?
-381
In base 4, what is 103 + 3?
112
In base 6, what is -52 + -51?
-143
In base 5, what is 1322 + -34?
1233
In base 11, what is aa3 + 0?
aa3
In base 16, what is -74f + -1?
-750
In base 11, what is -77 - 0?
-77
In base 5, what is 12 + -20044?
-20032
In base 16, what is -86b + 0?
-86b
In base 15, what is -215 + -3?
-218
In base 10, what is 2 + -7?
-5
In base 5, what is -112211 - 10?
-112221
In base 3, what is 22201222 + -11?
22201211
In base 3, what is -2120 + 10?
-2110
In base 2, what is 1100111100 - 101?
1100110111
In base 3, what is 10 + 2111?
2121
In base 15, what is 2 + 5d?
60
In base 13, what is 3 - -455?
458
In base 10, what is -17078 + -4?
-17082
In base 11, what is 228 + -5?
223
In base 5, what is -3 + -1101?
-1104
In base 9, what is -16 - 23?
-40
In base 4, what is 110 - 232?
-122
In base 16, what is -68 - -1?
-67
In base 5, what is -10 + -44?
-104
In base 16, what is 2d1 - 1b?
2b6
In base 9, what is -37 + -4?
-42
In base 8, what is 2214 - 4?
2210
In base 5, what is -11222 - 1?
-11223
In base 8, what is 102 - -3?
105
In base 10, what is 25 + -18?
7
In base 16, what is 5 - 31?
-2c
In base 10, what is -13 + 13?
0
In base 5, what is 4 - -1403?
1412
In base 14, what is 4675 - 5?
4670
In base 7, what is -204 - -5?
-166
In base 14, what is -5 + 32?
2b
In base 10, what is -1 + -316?
-317
In base 7, what is 43 + -4?
36
In base 9, what is 0 - 2?
-2
In base 15, what is -3 + -25?
-28
In base 2, what is 10111 - -1000?
11111
In base 14, what is 1 - 22?
-21
In base 5, what is 13 - -3122?
3140
In base 16, what is 1ce - 5?
1c9
In base 7, what is 33 + -10?
23
In base 5, what is -10 + -342?
-402
In base 3, what is -110 - 1020?
-1200
In base 7, what is 3026 + -1?
3025
In base 15, what is -5 - 1?
-6
In base 9, what is 334 + 11?
345
In base 8, what is 443 - -11?
454
In base 13, what is -1 + a29?
a28
In base 11, what is -86 + 0?
-86
In base 7, what is 2 - -20420?
20422
In base 9, what is -31 - 3?
-34
In base 15, what is 3 - 1e?
-1b
In base 11, what is 84 - -1?
85
In base 8, what is 2 - 25?
-23
In base 15, what is -8 + 3b?
33
In base 5, what is 0 + -43033?
-43033
In base 12, what is 26 - 172?
-148
In base 2, what is 10111 - -10010010?
10101001
In base 5, what is 4 - 30?
-21
In base 13, what is -4 + 38?
34
In base 7, what is -1523 - -5?
-1515
In base 15, what is -555 - 5?
-55a
In base 16, what is -d40 - -2?
-d3e
In base 8, what is 304 - 0?
304
In base 10, what is -163 + 3?
-160
In base 5, what is 341 - 4?
332
In base 11, what is 1a229 - 5?
1a224
In base 12, what is 59 + 9?
66
In base 8, what is 5135 + -1?
5134
In base 2, what is 1 + 110110?
110111
In base 12, what is 4b + -65?
-16
In base 9, what is 453 - 0?
453
In base 7, what is 1020 + 1?
1021
In base 6, what is -111 + -3?
-114
In base 4, what is 13310 - 3?
13301
In base 6, what is -2340 + -1?
-2341
In base 15, what is -1b6 + -13?
-1c9
In base 4, what is -1 + -131320?
-131321
In base 16, what is 256 + -d?
249
In base 13, what is 5 + 2021?
2026
In base 7, what is 106 + 1?
110
In base 10, what is -5 - 19?
-24
In base 6, what is -4 + -13?
-21
In base 9, what is 76 - 62?
14
In base 14, what is -75 - -5?
-70
In base 4, what is -1 + -3112?
-3113
In base 7, what is 16 + 1113?
1132
In base 13, what is 3 - -73?
76
In base 5, what is 0 + 21123?
21123
In base 7, what is 21 - 24?
-3
In base 7, what is -5 - 4036?
-4044
In base 5, what is 22 - 120?
-43
In base 12, what is -24 + b?
-15
In base 14, what is -19 + 243?
228
In base 9, what is 0 + 54?
54
In base 6, what is 2403 - 22?
2341
In base 2, what is 101 + -10101101010?
-10101100101
In base 13, what is 21b + -1?
21a
In base 11, what is 643 - 5?
639
In base 3, what is 111 - -20?
201
In base 15, what is -1 + 1d?
1c
In base 5, what is 1000 - -1?
1001
In base 6, what is -303 - -4?
-255
In base 14, what is -3 + -360?
-363
In base 14, what is 19ca - 0?
19ca
In base 11, what is -4 + -1?
-5
In base 4, what is -3 + -1132?
-1201
In base 14, what is -16 - -8?
-c
In base 10, what is 404 + 3?
407
In base 7, what is 3 - 10?
-4
In base 10, what is -15 + -51?
-66
In base 8, what is 1 - 5155?
-5154
In base 16, what is 3d - 3?
3a
In base 14, what is 81b - -7?
824
In base 8, what is -74 - -2?
-72
In base 2, what is 10110001 - -100?
10110101
In base 14, what is 895 - 4?
891
In base 16, what is b + 2f?
3a
In base 6, what is 4 - 144?
-140
In base 16, what is 3 + 6c?
6f
In base 3, what is 211120 + 10?
211200
In base 8, what is -6 + 130?
122
In base 10, what is 25 - 12?
13
In base 10, what is 2 - -597?
599
In base 6, what is 1 - 202?
-201
In base 10, what is -34 + 169?
135
In base 9, what is -10588 + -3?
-10602
In base 4, what is 13 - -1?
20
In base 11, what is 5 - 409?
-404
In base 2, what is -10 - -10011?
10001
In base 2, what is 100 - 1111000100010?
-1111000011110
In base 5, what is -2440 - -3?
-2432
In base 8, what is -34 - 57?
-113
In base 2, what is 11110 - 11?
11011
In base 12, what is -26 - -47?
21
In base 9, what is -2 - -6424?
6422
In base 10, what is -6 - 482?
-488
In base 5, what is 42 + 301?
343
In base 16, what is 27 - 195?
-16e
In base 3, what is -2 - -110001?
102222
In base 8, what is -561 - -42?
-517
In base 13, what is -52 - -1?
-51
In base 9, what is -4 + -33?
-37
In base 16, what is -7e0 + -c?
-7ec
In base 3, what is -10 + 22?
12
In base 4, what is -30 - -1232?
1202
In base 4, what is -11 - -20130?
20113
In base 7, what is 2 - 2001?
-1666
In base 12, what is 1224 - -1?
1225
In base 15, what is 8 - 407?
-3ee
In base 15, what is 4 + 32?
36
In base 5, what is -1000414 + -3?
-1000422
In base 5, what is -3234 + -2?
-3241
In base 5, what is -1032 - -2